st common factor of l and r.
20
Suppose -h + 13 = 2*x, -4*h + 61 = -4*x + 9. Suppose 0 = m - 0*m - 5, 840 = 5*n - m. Calculate the highest common divisor of h and n.
13
Suppose -4*a = -2*a - 18. Suppose 3*b - 3*k - 183 = -4*k, 3*k - a = 0. Let h(l) = 4*l - 4. Let c be h(4). Calculate the greatest common factor of c and b.
12
Let g = 211 + 401. What is the highest common divisor of g and 136?
68
Let x be (2*9)/(0 - -1). Let n(i) = 8*i**2 - 61*i - 118. Let l be n(-2). What is the greatest common factor of x and l?
18
Let g be (-30)/(-17 - -7) + 13. Calculate the greatest common factor of 5744 and g.
16
Let u be 8 + (-7)/((-21)/6). Let h = -55 - -45. Let d be (u + -4)/((-2)/h). What is the greatest common factor of d and 10?
10
Let u(v) = -7*v + 6*v - 2 + 1. Let a be u(-6). Suppose 0 = 2*w + a*i - 162, w - 5*w + 324 = -3*i. What is the highest common divisor of 9 and w?
9
Let w = -1437 + 1446. Calculate the highest common divisor of 981 and w.
9
Let y(c) be the second derivative of c**4/12 + c**3/3 + 2*c**2 - c. Let d be y(-4). Let p = 13612 - 13516. Calculate the greatest common factor of p and d.
12
Let b(l) = 2*l**3 - 20*l**2 + 5*l - 29. Let a be b(10). What is the highest common factor of a and 56?
7
Suppose 4*b - 4*a = 728, 0 = -4*b - 6*a + 5*a + 733. What is the highest common divisor of 244 and b?
61
Let q = -207 - -359. What is the highest common factor of q and 722?
38
Let v be (-136)/(-22) + 4/(-22). Suppose -v = -2*j, 0*w + 3*j = 3*w - 27. Calculate the highest common divisor of 48 and w.
12
Let a = -35 - -45. Let j = -76 - -156. What is the greatest common divisor of a and j?
10
Suppose 0 = -4*j + j + 12. Suppose 5*f - 5*c = -115, -3*f - j*c + c - 63 = 0. Let b = -18 - f. Calculate the highest common factor of b and 6.
2
Let z = -29 - -67. Let f = 66 - z. Suppose y + 0*y - 14 = -4*o, 5*o = -3*y + f. Calculate the greatest common divisor of y and 6.
6
Suppose -3*o + 2*p = -82, 3*p + p = -o + 4. Calculate the highest common factor of 42 and o.
6
Let x = 27 - 7. Suppose 4*n - 376 - x = 0. Let g = 445 + -434. Calculate the greatest common divisor of n and g.
11
Let q(u) be the second derivative of u**5/20 + u**4/2 - u**3/6 - 2*u**2 + 3*u. Let m be q(-6). What is the highest common factor of m and 14?
2
Suppose 0 = d - 4*d - 2*x + 98, 20 = 5*x. What is the highest common divisor of d and 165?
15
Suppose 69*b + 356 = 1184. Calculate the highest common divisor of 1068 and b.
12
Let n = 1728 + -1350. What is the greatest common divisor of n and 28?
14
Let g(k) = 4*k + 195. Let l be g(-41). Calculate the greatest common factor of l and 1271.
31
Let y = -10 - -11. Let h(q) = 48*q**3 + q**2 - 2*q + 1. Let w be h(y). Calculate the highest common divisor of 16 and w.
16
Suppose -4938*s + 4933*s + 105 = 0. What is the greatest common factor of s and 2751?
21
Suppose -3*j - 4 + 19 = 0. Suppose -j*i = 2*i - 217. What is the highest common divisor of 155 and i?
31
Suppose 604 = 2*c - 12*i + 10*i, 4*c - i = 1202. Calculate the highest common factor of c and 105.
15
Let h be (-4)/(12/(-9))*-1. Let s be 40 + 2/(2/h). Suppose -2*u + 5*v = -0*v - s, -v = -4*u + 29. Calculate the greatest common factor of 66 and u.
6
Suppose 12 - 57 = 3*y. Let s(c) = c**2 + 15*c + 2. Let m be s(y). Suppose 4*a + a - 6 = -m*o, -2*a - o + 2 = 0. What is the greatest common factor of a and 14?
2
Let n = 41 + 73. Calculate the greatest common divisor of n and 57.
57
Let y = 28 - 0. Let g be -2*(-4)/(24/9). Suppose 4*p = g*p - 5, p = h - y. Calculate the highest common factor of 207 and h.
23
Let y = -28 - -18. Let t = 15 + y. Suppose q - 1 = t. What is the highest common divisor of 4 and q?
2
Suppose 0 = -53*v + v + 2080. Calculate the greatest common divisor of 32 and v.
8
Suppose 5*l - 242 = 178. Suppose o + 5*m - 4 = 0, 6*m - 9*m + l = 4*o. Calculate the highest common factor of 288 and o.
24
Let z = 5 - -8. Let j(g) = g**2 - 11*g - 10. Let p be j(z). What is the greatest common factor of p and 40?
8
Suppose -4*z - 12 = -4*j, 5*z + 7 = 2*j + 2*z. Let k = j - -16. Let t = 141 - 96. Calculate the highest common divisor of t and k.
9
Let b be (-184)/32 + (-3)/(-4). Let o be b/(-20) + 2 + 141/12. What is the greatest common factor of 154 and o?
14
Suppose 5*w + 81 - 86 = 0. Suppose 2*g = 4*g - 18. What is the highest common divisor of w and g?
1
Let l(u) = -u**3 + u**2 + 2*u - 7. Let j be l(0). Let v be (-15 + 1)*(2 + j). What is the highest common divisor of 28 and v?
14
Let d(f) = -9*f + 300. Let b be d(31). Let j = 5 + 23. Calculate the greatest common divisor of b and j.
7
Let f(j) = 54*j - 79. Let u be f(2). What is the greatest common factor of u and 1102?
29
Let i = 896 - 640. Let s = i + -175. Calculate the highest common factor of s and 9.
9
Let i(j) = -j - 1. Let p(m) = -6*m - 16. Let y(d) = 5*i(d) - p(d). Let u be y(-5). Let k = 16 + -12. Calculate the highest common divisor of u and k.
2
Let m(s) = -15*s**3 - 12*s**2 - 32*s + 6. Let u be m(-3). Calculate the greatest common factor of 21 and u.
21
Suppose -4*a + 3*i = -165 - 91, 3*i = 2*a - 128. What is the greatest common factor of a and 56?
8
Let l be -9 - (-2 - (-3 - 2)). Let p be 141/l + (-3)/12. Let c = p + 23. Calculate the greatest common divisor of 55 and c.
11
Let n = -21 - -23. Suppose -5*g = -5*b + 45, n*b - 38 = -3*b - 2*g. Let f = 15 - b. Calculate the greatest common divisor of f and 35.
7
Let r be (-44)/(((-21)/(-14))/(-3)). Calculate the greatest common factor of 198 and r.
22
Suppose -4*w + 11*w + 28 = 0. Let g be (w - -2)/((-42)/(-11) - 4). Suppose f = 24 + 9. Calculate the greatest common factor of f and g.
11
Suppose 0 = -7*s + 172 + 87. Let a be 10652/32 + 0 - 2/(-16). What is the greatest common divisor of a and s?
37
Suppose 0 = -3*c + 40 - 1. Suppose -4*x + 255 + 5 = 0. What is the greatest common divisor of x and c?
13
Let w = 322 - 152. Calculate the greatest common factor of 119 and w.
17
Suppose -5*g + 656 - 81 = 0. Let j = 5 + g. What is the highest common factor of 15 and j?
15
Let i be -2 - (3 + -40 + -1). Let o(s) = 6*s - 6. Let z be o(4). What is the greatest common divisor of i and z?
18
Let n = -401 - -959. Calculate the highest common divisor of 9 and n.
9
Let o(i) = i**3 + 8*i**2 - 3*i. Let x be o(-6). Let k be (-328)/(-32) - 2/8. Calculate the highest common factor of x and k.
10
Let j = 18 - -109. What is the greatest common divisor of j and 1?
1
Suppose -396 = -9*a - 0*a. Suppose l - 20 = 2*d, d = -2*l + 6*d + a. Calculate the highest common divisor of l and 4.
4
Let n be 46/115 - 4/10. Suppose -2*q + 46 = 2*s, 2*s + 2*s - 5*q - 119 = n. What is the greatest common factor of s and 104?
26
Suppose 17*l = 6173 + 491. What is the greatest common divisor of 147 and l?
49
Suppose 3*g + 2*m = 230, 5*m + 88 = 3*g - 2*g. What is the highest common divisor of g and 52?
26
Suppose -15 = 5*m, -m = q + 2*q - 42. Suppose -4*r + 288 = -2*k, -3*r + 89 = 4*k - 160. What is the greatest common divisor of q and r?
15
Let f(a) = 0*a - 2*a - 2*a**2 + a**2 + a**3 + 2*a**2 - 2. Suppose -r = -2*r + 3. Let m be f(r). What is the greatest common divisor of 42 and m?
14
Let i(g) = g**3 + 19*g**2 - 36*g - 148. Let l be i(-20). What is the greatest common divisor of 258 and l?
86
Let p = 72 - 2. Suppose 0 = -q + o + 3*o + p, -2*o = -3*q + 200. What is the highest common divisor of q and 33?
33
Suppose -c = -4*x + 5, 4*c - 7*x + 9*x - 34 = 0. What is the greatest common factor of 189 and c?
7
Let c = -7 - -7. Let t = c - 3. Let n be (-1)/t + 496/24. Calculate the highest common factor of n and 7.
7
Let x = 7 - 2. Suppose l + 26 + 2 = -3*c, -x*c = -5*l + 80. Let p = 19 + c. What is the highest common factor of 8 and p?
8
Suppose 2*r + 14 - 18 = 0. Suppose 3*a - 3*f - 38 = 1, -33 = -r*a - 5*f. What is the highest common divisor of a and 126?
14
Let a(u) = -u**3 + 7*u**2 - u + 12. Let x be a(6). What is the greatest common factor of 12 and x?
6
Suppose -2*l - 10 = -4*l. Suppose 2*i = -l*y + 5*i + 159, 5*i + 122 = 4*y. Let w = 0 + 11. Calculate the highest common divisor of y and w.
11
Let h(g) = 0*g - 3*g + 3*g - 5 + 3*g. Let n be h(7). Calculate the highest common divisor of 48 and n.
16
Let x be (10 + 17)*(-4 - 184/(-12)). What is the highest common divisor of 6 and x?
6
Let n(v) = v**3 + 10*v**2 + 6*v 